{"id":3038,"date":"2015-07-03T19:54:22","date_gmt":"2015-07-03T18:54:22","guid":{"rendered":"http:\/\/www.zupa-leopold-mandic.hr\/?page_id=3038"},"modified":"2016-04-26T18:50:59","modified_gmt":"2016-04-26T17:50:59","slug":"radno-vrijeme","status":"publish","type":"page","link":"http:\/\/www.zupa-leopold-mandic.hr\/?page_id=3038","title":{"rendered":"Radno vrijeme"},"content":{"rendered":"<h3><strong>Radno vrijeme<\/strong><\/h3>\n<p>Od utorka do petka:\u00a0<strong>sat vremena prije i odmah nakon ve\u010dernje mise.<\/strong><br \/>\nSubotom: <strong>nakon ve\u010dernje mise<\/strong><br \/>\nNedjeljom: <strong>ne ureduje<\/strong> osim za hitne slu\u010dajeve<\/p>\n<p>Telefon \u017eupnog ureda: <strong>01\/3666-156.<\/strong><\/p>\n<p>Za blagoslov obitelji i doma izvan bo\u017ei\u0107nog vremena, javite se u \u017eupni ured ili dogovorite posjet sve\u0107enika na broj telefona \u017eupnog ureda.<\/p>\n","protected":false},"excerpt":{"rendered":"<p>Radno vrijeme Od utorka do petka:\u00a0sat vremena prije i odmah nakon ve\u010dernje mise. Subotom: nakon ve\u010dernje mise Nedjeljom: ne ureduje osim za hitne slu\u010dajeve Telefon \u017eupnog ureda: 01\/3666-156. Za blagoslov obitelji i doma izvan bo\u017ei\u0107nog vremena, javite se u \u017eupni ured ili dogovorite posjet sve\u0107enika na broj telefona \u017eupnog ureda.<\/p>\n","protected":false},"author":1,"featured_media":0,"parent":0,"menu_order":0,"comment_status":"open","ping_status":"closed","template":"","meta":{"footnotes":""},"class_list":["entry","page","publish","author-admin","post-3038"],"_links":{"self":[{"href":"http:\/\/www.zupa-leopold-mandic.hr\/index.php?rest_route=\/wp\/v2\/pages\/3038","targetHints":{"allow":["GET"]}}],"collection":[{"href":"http:\/\/www.zupa-leopold-mandic.hr\/index.php?rest_route=\/wp\/v2\/pages"}],"about":[{"href":"http:\/\/www.zupa-leopold-mandic.hr\/index.php?rest_route=\/wp\/v2\/types\/page"}],"author":[{"embeddable":true,"href":"http:\/\/www.zupa-leopold-mandic.hr\/index.php?rest_route=\/wp\/v2\/users\/1"}],"replies":[{"embeddable":true,"href":"http:\/\/www.zupa-leopold-mandic.hr\/index.php?rest_route=%2Fwp%2Fv2%2Fcomments&post=3038"}],"version-history":[{"count":22,"href":"http:\/\/www.zupa-leopold-mandic.hr\/index.php?rest_route=\/wp\/v2\/pages\/3038\/revisions"}],"predecessor-version":[{"id":4137,"href":"http:\/\/www.zupa-leopold-mandic.hr\/index.php?rest_route=\/wp\/v2\/pages\/3038\/revisions\/4137"}],"wp:attachment":[{"href":"http:\/\/www.zupa-leopold-mandic.hr\/index.php?rest_route=%2Fwp%2Fv2%2Fmedia&parent=3038"}],"curies":[{"name":"wp","href":"https:\/\/api.w.org\/{rel}","templated":true}]}}