{"id":3043,"date":"2014-03-08T20:03:32","date_gmt":"2014-03-08T19:03:32","guid":{"rendered":"http:\/\/www.zupa-leopold-mandic.hr\/?page_id=3043"},"modified":"2015-07-03T21:41:45","modified_gmt":"2015-07-03T20:41:45","slug":"informacije-o-sakramentima","status":"publish","type":"page","link":"http:\/\/www.zupa-leopold-mandic.hr\/?page_id=3043","title":{"rendered":"Informacije o sakramentima"},"content":{"rendered":"<h2><b>K R \u0160 T E NJ E<\/b><\/h2>\n<h3><b>DOKUMENTI ZA KR\u0160TENJE<\/b><\/h3>\n<p>Kr\u0161tenje djeteta obavezno prijavljuje jedan od roditelja u \u017eupnom uredu (ne telefonom). Potrebno je od dokumenata ponijeti:<\/p>\n<p>RODNI LIST ZA DIJETE (FOTOKOPIJA)<\/p>\n<p>POSVJEDO\u010cENJE ZA KUMA\/KUMU DA MO\u017dE KUMOVATI (DA JE KR\u0160TEN, PRI\u010cE\u0160\u0106EN I KRIZMAN, AKO JE U BRAKU CRKVENO VJEN\u010cAN U KATOLI\u010cKOJ CRKVI); UKOLIKO JE SVETE SAKRAMENTE PRIMIO\/LA U NA\u0160OJ \u017dUPI PROVJERITI U \u017dUPNOM UREDU NA TEMELJU NJEGOVIH\/NJEZINIH PODATAKA<\/p>\n<p>Kr\u0161tenje najavite oko mjesec dana prije va\u0161em vlastitom \u017eupniku za vrijeme radnog vremena \u017eupnog ureda<\/p>\n<p>\u00a8 Kr\u0161tenje je u \u017eupi Va\u0161eg boravka, no ako imate \u017eelju krstiti dijete u drugoj \u017eupi, tada zamolite vlastitog \u017eupnika da Vam dadne dozvolu za kr\u0161tenje u drugoj \u017eupi.<\/p>\n<h3><\/h3>\n<h3>OSTALA PITANJA<\/h3>\n<h4>TKO MO\u017dE BITI KUM\/KUMA NA KR\u0160TENJU:<\/h4>\n<p>a) katolik\/katolkinja sa navr\u0161enih 16 godina \u017eivota;<\/p>\n<p>b) treba biti kr\u0161ten\/a, pri\u010de\u0161\u0107en\/a i krizman\/a;<\/p>\n<p>c) ako je vjen\u010dan\/a mora biti crkveno vjen\u010dan\/a (nije dovoljno samo civilno vjen\u010danje) \u2013 ali mora tako\u0111er biti i krizman\/a,<\/p>\n<p>d) da nije rastavljen\/a i ponovno civilno vjen\u010dan\/a ili da ne \u017eivi u izvanbra\u010dnoj zajednici<\/p>\n<p>e) da ne \u017eivi u izvanbra\u010dnoj zajednici i odbija se crkveno vjen\u010dati (a mogao\/la bi).<\/p>\n<p>f) da provodi \u017eivot u skladu sa katoli\u010dkom vjerom i crkvenim naukom<\/p>\n<p>g) otac i majka djeteta ne mogu biti kumovi.<\/p>\n<p>Tako ka\u017ee Zakonik kanonskoga prava Katoli\u010dke Crkve i to moramo uva\u017eiti.<\/p>\n<p>Krsni kumovi su pred Crkvom jamstvo da \u0107e dijete biti kr\u0161\u0107anski odgojeno. Ako roditelji ne bi mogli tu du\u017enost izvr\u0161iti, onda su kumovi du\u017eni ozbiljno i savjesno pobrinuti se za vjerski odgoj djeteta. Stoga kumstvo nije za \u0161alu. Kumovi su pozvani primjerom i rije\u010dju pou\u010davati svoje kum\u010de vjerskom \u017eivotu. Njihov \u017eivot mora biti uzoran vjerni\u010dki \u017eivot. Stoga, pri odabiranju kumova neka roditelji ne gledaju da li su kumovi imu\u0107ni ve\u0107 da za kumove odaberu uzorne vjernike.<\/p>\n<p>\u00a8 Ako kumovi nisu iz iste \u017eupe recite im da donesu potvrdu svojeg vlastitog \u017eupnika da mogu kumovati na kr\u0161tenju.<\/p>\n<p>Na kr\u0161tenje je potrebno do\u0107i u to\u010dno u dogovoreno vrijeme; bolje nekoliko minuta ranije, nego kasnije.<\/p>\n<h4><b>TREBA LI \u0160TO PONIJETI NA KR\u0160TENJE?<\/b><\/h4>\n<p>DA, KRSNU SVIJE\u0106U I BIJELU KO\u0160ULJICU ILI HALJINICU<\/p>\n<p>KR\u0160TENJE JE PRVI, OSNOVNI, TEMELJNI SAKRAMENT CRKVE<\/p>\n<p>Krist ga je ponudio svima da imaju \u017eivot vje\u010dni. Kr\u0161tenje je sakrament vjere. Kr\u0161tenje je najve\u0107i milosni dar Presvetog Trojstva koji \u010dovjek prima nakon ulaska u \u017eivot. Po sakramentu kr\u0161tenja od nebeskog Oca primamo Duha posinjenja i ubrajamo se u djecu Bo\u017eju. Isus nas u svojoj Krvi po sakramentu kr\u0161tenja pere od grijeha &#8211; isto\u010dnog i osobnih. Kr\u0161tenjem \u010dovjek postaje novo stvorenje, nanovo ro\u0111eno iz vode i Duha Svetog te se po njemu ugra\u0111ujemo u kraljevsko sve\u0107eni\u0161tvo i postajemo narod Bogu ste\u010den. Po kr\u0161tenju smo za Boga vezani &#8211; postajemo njegova draga svojina. Ovaj sakrament je po\u010detak \u017eivotnog hoda \u010dovjeka prema vje\u010dnom sjedinjenju s Bogom u ljubavi, u nebu. Kr\u0161tenje je temelj i vrata ostalim sakramentima i milostima koje nam oni dijele.<\/p>\n<p>&nbsp;<\/p>\n<h4><b>ZA\u0160TO \u017dELITE KRSTITI VA\u0160E DIJETE?<\/b><\/h4>\n<p>Sakrament kr\u0161tenja dao nam je Isus Krist, da nas po njemu posveti i uklju\u010di u svoju Crkvu.<\/p>\n<p>Rekao je: \u00abIdite i u\u010dinite mojim u\u010denicima sve narode! Krstite ih u ime Oca i Sina i Duha Svetoga!\u00bb(Mt 28, 19).<\/p>\n<p>Kr\u0161tenje je temelj kr\u0161\u0107anskog \u017eivota. Bez njega nije mogu\u0107e primiti ostale sakramente.<\/p>\n<p>Po kr\u0161tenju smo oslobo\u0111eni od isto\u010dnoga grijeha, nanovo smo ro\u0111eni kao djeca Bo\u017eja te postajemo \u010dlanovi Crkve katoli\u010dke \u2013 kr\u0161\u0107ani.<\/p>\n<p>Krst utiskuje u kr\u0161tenika neizbrisiv biljeg, zato se sakrament kr\u0161tenja mo\u017ee primiti samo jednom u \u017eivotu.<\/p>\n<p>Krstimo djecu koja jo\u0161 nisu svjesna tih velikih duhovnih dobara koja primaju po kr\u0161tenju, pouzdavaju\u0107i se u roditelje (koji su svjesni kr\u0161\u0107ani)da \u0107e oni osigurati djetetu vjersku pouku i vjerski \u017eivot. S tom pretpostavkom Crkva prima djecu na kr\u0161tenje. Vi kao dobri roditelji \u017eelite Va\u0161em djetetu dati sve najbolje \u0161to mo\u017eete i \u0161to \u0107e mu u \u017eivotu koristiti. Sve \u0161to je za dobro djeteta Vi mu dajete, makar ono toga nije svjesno. Du\u017eni ste brinuti se za njegovo tjelesno, du\u0161evno i duhovno zdravlje.<\/p>\n<p>Kao kr\u0161\u0107anski vjernici znadete za Isusa Krista, za njegov \u017eivot i nauk, za njegovu muku, smrt, za njegovu bezgrani\u010dnu ljubav prema svima; znadete za njegovu Crkvu, za smisao ljudskog \u017eivota koji je usmjeren prema sretnoj vje\u010dnosti, znadete za zapovjedi, poznajete sakramente kojima se posve\u0107ujemo. A sve to blago vjere Kristove mo\u017ee koristiti samo onaj koji je kr\u0161ten.<\/p>\n<p>Va\u0161e kr\u0161\u0107ansko maj\u010dinsko i o\u010dinsko srce ne bi \u017eeljelo da Va\u0161e dijete ostane bez tih velikih duhovnih dobara.<\/p>\n<p>Zato vjerujemo da kr\u0161tenje svoga djeteta ne tra\u017eite zbog \u00abpukog obi\u010daja na\u0161ih starih\u00bb ili zbog ljudskog obzira,nego kr\u0161tenje \u017eelite i tra\u017eite iz vlastitog uvjerenja o koristi i potrebi tog prvog sakramenta za va\u0161e dijete.<\/p>\n<p>&nbsp;<\/p>\n<p>Dragi roditelji! Kad s ljubavlju dajete krstiti dijete, time preuzimate i obavezu da \u0107ete dijete kr\u0161\u0107anski odgojiti.<\/p>\n<p><b>VI STE PRVI U\u010cITELJI VJERE SVOGA DJETETA!<\/b><\/p>\n<p>Vi \u0107ete ga nau\u010diti kako se prekri\u017eiti, Vi \u0107ete ga nau\u010diti molitvu O\u010de na\u0161, Vi \u0107ete ga voditi u crkvu na svete mise.<\/p>\n<p>Do\u0111ite nedjeljom i blagdanom na svetu misu moliti Boga za svoj brak, za svoje dijete, za same sebe!<\/p>\n<p>Ne zaboravite zajedni\u010dki moliti u obitelji!<\/p>\n<p>Daleko od Va\u0161eg doma bila psovka, pijanstvo, prevara, nerazumijevanje, vrije\u0111anje, sva\u0111e, nasilje i svako drugo zlo.<\/p>\n<p>Neka Va\u0161e dijete raste u divnom ozra\u010dju plemenitog, sretnog i skladnog kr\u0161\u0107anskog obiteljskog \u017eivota!<\/p>\n<p>Ovaj poziv na vjersku obnovu upu\u0107uje se i kumovima, jer i oni tako\u0111er imaju veliku ulogu ne samo na kr\u0161tenju, nego i kasnijem \u017eivotu djeteta, da bude vjerno krsnom obe\u0107anju!<\/p>\n<p>O\u010de i majko! Vi volite Va\u0161e dijete svim srcem! Znajte da ga i Bog voli! Isus je i za njega trpio i umro da ga spasi!<\/p>\n<p>Nek&#8217; se udru\u017ei i nebeska i zemaljska ljubav, pa neka u tom svetom i radosnom raspolo\u017eenju bude i kr\u0161tenje Va\u0161eg djeteta.<\/p>\n<p>\u00abO, sretno budi, ti maleno dijete, koje si po krstu Bogu posve\u0107eno!<\/p>\n<p>O, sretno budi, jer Isus je i tebe otkupio, i svetim krstom preporodio! Tebe vole tvoji roditelji, jo\u0161 te vi\u0161e voli sam Bog! Po kr\u0161tenju ti je upu\u0107en poziv i dana mogu\u0107nost da bude\u0161 vje\u010dno sretno!\u00bb<\/p>\n<p>&nbsp;<\/p>\n<h2><b>V J E N \u010c A NJ E<\/b><\/h2>\n<p>&nbsp;<\/p>\n<h3><b>DOKUMENTI ZA VJEN\u010cANJE<\/b><\/h3>\n<p>Odlu\u010dili ste se za crkveno vjen\u010danje. U vezi toga potrebno je na vrijeme poduzeti odre\u0111ene korake. Evo nekoliko prakti\u010dnih savjeta i preporuka.<\/p>\n<p>Prije svega, preporu\u010da se da se javite telefonom nadle\u017enom \u017eupniku (bilo \u017eupniku zaru\u010dnice, bilo zaru\u010dnika) i dogovorite termin za razgovor o crkvenom vjen\u010danju barem 6 mjeseci prije planiranog vjen\u010danja.<\/p>\n<p>U susretu sa \u017eupnikom \u0107ete se dogovoriti o datumu i mjestu vjen\u010danja.<\/p>\n<p>\u017dupnik \u0107e vam re\u0107i koje dokumente morate pribaviti (kod mati\u010dara i u \u017eupi kr\u0161tenja).<\/p>\n<p>Prijavite se na zaru\u010dni\u010dki te\u010daj (najkasnije tjedan dana prije po\u010detka te\u010daja)<\/p>\n<p>I za zaru\u010dnike koji se odlu\u010de vjen\u010dati u crkvi obavezna je prijava u nadle\u017enom mati\u010dnom uredu (mati\u010dni ured koji je nadle\u017ean za mjesto u kojem se odr\u017eava vjen\u010danje).<\/p>\n<p>Mati\u010daru je potrebno prilo\u017eiti: domovnicu, osobnu iskaznicu, fotokopiju osobnih iskaznica ili putovnica odabranih svjedoka na vjen\u010danju, izvod iz mati\u010dne knjige ro\u0111enih, taksenu pristojbu<\/p>\n<p>Mati\u010dar zatim izdaje potvrdu (Potvrda o ispunjavanju pretpostavki za sklapanje braka) koju treba odnijeti nadle\u017enom \u017eupniku \u017eupe u kojoj \u0107e se odr\u017eati vjen\u010danje.<\/p>\n<p>ZARU\u010cNI\u010cKI TE\u010cAJ je prije svega &#8220;crkvena priprava na crkveni brak&#8221;, namijenjena onima koji su \u010dlanovi Crkve, dakle vjernici, koji \u017eele sklopiti sakrament kr\u0161\u0107anske \u017eenidbe. Stoga u toj pripravi sudjeluju oni koji \u0107e o bra\u010dnoj i obiteljskoj tematici govoriti u ime Crkve, u skladu s crkvenim naukom i na temelju svojeg osobnog kr\u0161\u0107anskog, vjerni\u010dkog iskustva.<\/p>\n<p>&nbsp;<\/p>\n<p><b>\u017dUPNIKU JE POTREBNO DONIJETI<\/b><\/p>\n<p>A) KRSNI LIST koji ne smije biti stariji od 6 mjeseci: za rimokatoli\u010dku stranu iz rimokatoli\u010dke \u017eupe gdje je kr\u0161tena a za pravoslavnu iz pravoslavne gdje je kr\u0161tena;<\/p>\n<p>B) OTPUSNICU ili DOZVOLU ako niti jedno ne stanuje na podru\u010dju \u017eupe.<\/p>\n<p>C) Ako je jedna strana nekr\u0161tena onda treba donijeti IZVADAK IZ MATI\u010cNE KNJIGE RO\u0110ENIH (mo\u017ee i preslika).<\/p>\n<p>D) ZELENI PAPIRI\u00a0 &#8211; POTVRDA da zaru\u010dnici ispunjavaju pretpostavke za sklapanje braka u vjerskom obliku (dva istovjetna papira). POTVRDE \u0107e Vam izdati nadle\u017eni mati\u010dar i njih odmah trebate donijeti u \u017eupni ured \u010dim ih dobijete od mati\u010dara (oba papira);<\/p>\n<p>E) POTVRDU o poha\u0111anju te\u010daj o braku (vidi na web stranicama \u017eupe Sveta Mati Slobode, sv. Josip-Tre\u0161njevka, Sv. Petar \u2013Vla\u0161ka, sv. Bla\u017e ili koja od drugih ve\u0107ih \u017eupa u gradu.)<\/p>\n<p>F) Kumovi (svjedoci) kod vjen\u010danja mogu biti kr\u0161tene osobe, nekr\u0161tene ili osobe bilo koje nacionalnosti.<\/p>\n<p>&nbsp;<\/p>\n<p><b>MATI\u010cARU JE POTREBNO DONIJETI<\/b> (da bi ste dobili \u201ezelene papire\u201c)<\/p>\n<p>A) Izvadak (ne Rodni list!) iz mati\u010dne knjige ro\u0111enih (ne smije biti stariji od tri mjeseca);<\/p>\n<p>B) Osobne karte i domovnice (original i preslika);<\/p>\n<p>C) Adrese obaju kumova (najbolje preslike osobnih karata);<\/p>\n","protected":false},"excerpt":{"rendered":"<p>K R \u0160 T E NJ E DOKUMENTI ZA KR\u0160TENJE Kr\u0161tenje djeteta obavezno prijavljuje jedan od roditelja u \u017eupnom uredu (ne telefonom). Potrebno je od dokumenata ponijeti: RODNI LIST ZA DIJETE (FOTOKOPIJA) POSVJEDO\u010cENJE ZA KUMA\/KUMU DA MO\u017dE KUMOVATI (DA JE KR\u0160TEN, PRI\u010cE\u0160\u0106EN I KRIZMAN, AKO JE U BRAKU CRKVENO VJEN\u010cAN U KATOLI\u010cKOJ CRKVI); UKOLIKO JE &#8230; <span class=\"more\"><a class=\"more-link\" href=\"http:\/\/www.zupa-leopold-mandic.hr\/?page_id=3043\">Vi\u0161e&#8230;<\/a><\/span><\/p>\n","protected":false},"author":1,"featured_media":0,"parent":0,"menu_order":0,"comment_status":"closed","ping_status":"closed","template":"","meta":{"footnotes":""},"class_list":["entry","page","publish","author-admin","post-3043"],"_links":{"self":[{"href":"http:\/\/www.zupa-leopold-mandic.hr\/index.php?rest_route=\/wp\/v2\/pages\/3043","targetHints":{"allow":["GET"]}}],"collection":[{"href":"http:\/\/www.zupa-leopold-mandic.hr\/index.php?rest_route=\/wp\/v2\/pages"}],"about":[{"href":"http:\/\/www.zupa-leopold-mandic.hr\/index.php?rest_route=\/wp\/v2\/types\/page"}],"author":[{"embeddable":true,"href":"http:\/\/www.zupa-leopold-mandic.hr\/index.php?rest_route=\/wp\/v2\/users\/1"}],"replies":[{"embeddable":true,"href":"http:\/\/www.zupa-leopold-mandic.hr\/index.php?rest_route=%2Fwp%2Fv2%2Fcomments&post=3043"}],"version-history":[{"count":2,"href":"http:\/\/www.zupa-leopold-mandic.hr\/index.php?rest_route=\/wp\/v2\/pages\/3043\/revisions"}],"predecessor-version":[{"id":3045,"href":"http:\/\/www.zupa-leopold-mandic.hr\/index.php?rest_route=\/wp\/v2\/pages\/3043\/revisions\/3045"}],"wp:attachment":[{"href":"http:\/\/www.zupa-leopold-mandic.hr\/index.php?rest_route=%2Fwp%2Fv2%2Fmedia&parent=3043"}],"curies":[{"name":"wp","href":"https:\/\/api.w.org\/{rel}","templated":true}]}}