{"id":3854,"date":"2016-02-29T22:11:43","date_gmt":"2016-02-29T21:11:43","guid":{"rendered":"http:\/\/www.zupa-leopold-mandic.hr\/?page_id=3854"},"modified":"2016-04-23T07:43:54","modified_gmt":"2016-04-23T06:43:54","slug":"zborovi-mjesoviti-zbor","status":"publish","type":"page","link":"http:\/\/www.zupa-leopold-mandic.hr\/?page_id=3854","title":{"rendered":"Aktivnosti &#8211; Zborovi &#8211; Mje\u0161oviti zbor"},"content":{"rendered":"<h1>Mje\u0161oviti zbor \u017eupe sv. Leopolda Mandi\u0107a<\/h1>\n<h3><em>Kada smo po\u010deli?<\/em><\/h3>\n<p>Davnih 80-ih godina, to\u010dnije 1981. godine u ku\u0107i koja je bila preure\u0111ena u malenu crkvu, u Suboti\u010dkoj ulici zapo\u010dinje djelovanje \u017eupnog zbora Sv Leopolda Bogdana Mandi\u0107a. Nije pro\u0161la niti jedna nedjeljna sveta misa, niti jedan va\u017eniji \u017eupni blagdan, pri\u010dest ili krizma, a da na\u0161 \u017eupni zbor nije sudjelovao u Euharistiji. U kapelici (ku\u0107i) tada jo\u0161 bla\u017eenog Leopolda Bogdana Mandi\u0107a, oko malenih orgulja, s tada\u0161njom \u017eupnom orgulja\u0161icom pok. g\u0111om Jasminom Iskra te pod dirigentskom palicom akademskog glazbenika, maestra Ante Dropulji\u0107a zapo\u010dinje djelovanje \u017eupnog zbora.<\/p>\n<h3><em>Kako smo rasli?<\/em><\/h3>\n<p>Po\u010detkom 90-ih godina odvajanjem od \u017eupe Sv. Marka Kri\u017eev\u010danina te dolaskom prvog \u017eupnika \u017eupe Sv. Leopolda Bogdana Mandi\u0107a, poja\u010dava se i djelovanje \u017eupnog zbora. Znatno se pro\u0161iruje repertoar pjesama, nabavlja se novi notni materijal, dolaze novi \u010dlanovi te zbor po\u010dinje s odr\u017eavanjem proba jednom tjedno kako bi uvijek bili spremni za nedjeljnu misu. U to vrijeme orgulje svira gosp. Andreas Lisak, koji ujedno na ra\u010dunalu zapisuje pjesme te ih sla\u017ee u prve zborske pjesmarice.<\/p>\n<p>\n\t\t<style type=\"text\/css\">\n\t\t\t#gallery-1 {\n\t\t\t\tmargin: auto;\n\t\t\t}\n\t\t\t#gallery-1 .gallery-item {\n\t\t\t\tfloat: left;\n\t\t\t\tmargin-top: 10px;\n\t\t\t\ttext-align: center;\n\t\t\t\twidth: 50%;\n\t\t\t}\n\t\t\t#gallery-1 img {\n\t\t\t\tborder: 2px solid #cfcfcf;\n\t\t\t}\n\t\t\t#gallery-1 .gallery-caption {\n\t\t\t\tmargin-left: 0;\n\t\t\t}\n\t\t\t\/* see gallery_shortcode() in wp-includes\/media.php *\/\n\t\t<\/style>\n\t\t<div id='gallery-1' class='gallery galleryid-3854 gallery-columns-2 gallery-size-medium'><dl class='gallery-item'>\n\t\t\t<dt class='gallery-icon landscape'>\n\t\t\t\t<a href='http:\/\/www.zupa-leopold-mandic.hr\/wp-content\/uploads\/2016\/02\/Picture3-015.jpg'><img loading=\"lazy\" decoding=\"async\" width=\"300\" height=\"300\" src=\"http:\/\/www.zupa-leopold-mandic.hr\/wp-content\/uploads\/2016\/02\/Picture3-015-300x300.jpg\" class=\"attachment-medium size-medium\" alt=\"\" srcset=\"http:\/\/www.zupa-leopold-mandic.hr\/wp-content\/uploads\/2016\/02\/Picture3-015-300x300.jpg 300w, http:\/\/www.zupa-leopold-mandic.hr\/wp-content\/uploads\/2016\/02\/Picture3-015-150x150.jpg 150w, http:\/\/www.zupa-leopold-mandic.hr\/wp-content\/uploads\/2016\/02\/Picture3-015-1024x1024.jpg 1024w\" sizes=\"auto, (max-width: 300px) 100vw, 300px\" \/><\/a>\n\t\t\t<\/dt><\/dl><dl class='gallery-item'>\n\t\t\t<dt class='gallery-icon landscape'>\n\t\t\t\t<a href='http:\/\/www.zupa-leopold-mandic.hr\/wp-content\/uploads\/2016\/02\/Picture012.jpg'><img loading=\"lazy\" decoding=\"async\" width=\"300\" height=\"300\" src=\"http:\/\/www.zupa-leopold-mandic.hr\/wp-content\/uploads\/2016\/02\/Picture012-300x300.jpg\" class=\"attachment-medium size-medium\" alt=\"\" srcset=\"http:\/\/www.zupa-leopold-mandic.hr\/wp-content\/uploads\/2016\/02\/Picture012-300x300.jpg 300w, http:\/\/www.zupa-leopold-mandic.hr\/wp-content\/uploads\/2016\/02\/Picture012-150x150.jpg 150w, http:\/\/www.zupa-leopold-mandic.hr\/wp-content\/uploads\/2016\/02\/Picture012-1024x1024.jpg 1024w\" sizes=\"auto, (max-width: 300px) 100vw, 300px\" \/><\/a>\n\t\t\t<\/dt><\/dl><br style=\"clear: both\" \/>\n\t\t<\/div>\n<br \/>\nGradnjom nove crkve zbor dobiva svoje prostorije te, osim sv. misa, zapo\u010dinje i sa nastupima i koncertima po drugim \u017eupama diljem Hrvatske. U to vrijeme orgulje sviraju pok. gosp. Hrvoje Babi\u0107 te g\u0111a Ana Jankovi\u0107. \u017dupni zbor zapo\u010dinje suradnju s puha\u010dkim kvintetom akademskih glazbenika i zajedno sa njima sudjeluju u slavljenju va\u017enijih \u017eupnih blagdana. Od 1994. zajedni\u010dki sudjeluju u slavljenju sv. mise polno\u0107ke koja postaje tradicionalan doga\u0111aj u \u017eupnoj zajednici te jedna od najljep\u0161ih polno\u0107ki u gradu Zagrebu.<\/p>\n<h4><strong><span style=\"font-size: 10pt;\"><em>Blagoslov nove crkve (2.12.2007.)<\/em><\/span><\/strong><\/h4>\n\n\t\t<style type=\"text\/css\">\n\t\t\t#gallery-2 {\n\t\t\t\tmargin: auto;\n\t\t\t}\n\t\t\t#gallery-2 .gallery-item {\n\t\t\t\tfloat: left;\n\t\t\t\tmargin-top: 10px;\n\t\t\t\ttext-align: center;\n\t\t\t\twidth: 33%;\n\t\t\t}\n\t\t\t#gallery-2 img {\n\t\t\t\tborder: 2px solid #cfcfcf;\n\t\t\t}\n\t\t\t#gallery-2 .gallery-caption {\n\t\t\t\tmargin-left: 0;\n\t\t\t}\n\t\t\t\/* see gallery_shortcode() in wp-includes\/media.php *\/\n\t\t<\/style>\n\t\t<div id='gallery-2' class='gallery galleryid-3854 gallery-columns-3 gallery-size-medium'><dl class='gallery-item'>\n\t\t\t<dt class='gallery-icon landscape'>\n\t\t\t\t<a href='http:\/\/www.zupa-leopold-mandic.hr\/wp-content\/uploads\/2016\/02\/DSC02467.jpg'><img loading=\"lazy\" decoding=\"async\" width=\"300\" height=\"300\" src=\"http:\/\/www.zupa-leopold-mandic.hr\/wp-content\/uploads\/2016\/02\/DSC02467-300x300.jpg\" class=\"attachment-medium size-medium\" alt=\"\" srcset=\"http:\/\/www.zupa-leopold-mandic.hr\/wp-content\/uploads\/2016\/02\/DSC02467-300x300.jpg 300w, http:\/\/www.zupa-leopold-mandic.hr\/wp-content\/uploads\/2016\/02\/DSC02467-150x150.jpg 150w, http:\/\/www.zupa-leopold-mandic.hr\/wp-content\/uploads\/2016\/02\/DSC02467-1024x1024.jpg 1024w\" sizes=\"auto, (max-width: 300px) 100vw, 300px\" \/><\/a>\n\t\t\t<\/dt><\/dl><dl class='gallery-item'>\n\t\t\t<dt class='gallery-icon portrait'>\n\t\t\t\t<a href='http:\/\/www.zupa-leopold-mandic.hr\/wp-content\/uploads\/2016\/02\/DSC02505.jpg'><img loading=\"lazy\" decoding=\"async\" width=\"300\" height=\"300\" src=\"http:\/\/www.zupa-leopold-mandic.hr\/wp-content\/uploads\/2016\/02\/DSC02505-300x300.jpg\" class=\"attachment-medium size-medium\" alt=\"\" srcset=\"http:\/\/www.zupa-leopold-mandic.hr\/wp-content\/uploads\/2016\/02\/DSC02505-300x300.jpg 300w, http:\/\/www.zupa-leopold-mandic.hr\/wp-content\/uploads\/2016\/02\/DSC02505-150x150.jpg 150w, http:\/\/www.zupa-leopold-mandic.hr\/wp-content\/uploads\/2016\/02\/DSC02505-1024x1024.jpg 1024w\" sizes=\"auto, (max-width: 300px) 100vw, 300px\" \/><\/a>\n\t\t\t<\/dt><\/dl><dl class='gallery-item'>\n\t\t\t<dt class='gallery-icon portrait'>\n\t\t\t\t<a href='http:\/\/www.zupa-leopold-mandic.hr\/wp-content\/uploads\/2016\/02\/DSC02514.jpg'><img loading=\"lazy\" decoding=\"async\" width=\"300\" height=\"300\" src=\"http:\/\/www.zupa-leopold-mandic.hr\/wp-content\/uploads\/2016\/02\/DSC02514-300x300.jpg\" class=\"attachment-medium size-medium\" alt=\"\" srcset=\"http:\/\/www.zupa-leopold-mandic.hr\/wp-content\/uploads\/2016\/02\/DSC02514-300x300.jpg 300w, http:\/\/www.zupa-leopold-mandic.hr\/wp-content\/uploads\/2016\/02\/DSC02514-150x150.jpg 150w, http:\/\/www.zupa-leopold-mandic.hr\/wp-content\/uploads\/2016\/02\/DSC02514-1024x1024.jpg 1024w\" sizes=\"auto, (max-width: 300px) 100vw, 300px\" \/><\/a>\n\t\t\t<\/dt><\/dl><br style=\"clear: both\" \/>\n\t\t<\/div>\n\n<h4><strong><span style=\"font-size: 10pt;\"><em>Veliki \u010detvrtak (1.4.2010.)<\/em><\/span><\/strong><\/h4>\n\n\t\t<style type=\"text\/css\">\n\t\t\t#gallery-3 {\n\t\t\t\tmargin: auto;\n\t\t\t}\n\t\t\t#gallery-3 .gallery-item {\n\t\t\t\tfloat: left;\n\t\t\t\tmargin-top: 10px;\n\t\t\t\ttext-align: center;\n\t\t\t\twidth: 50%;\n\t\t\t}\n\t\t\t#gallery-3 img {\n\t\t\t\tborder: 2px solid #cfcfcf;\n\t\t\t}\n\t\t\t#gallery-3 .gallery-caption {\n\t\t\t\tmargin-left: 0;\n\t\t\t}\n\t\t\t\/* see gallery_shortcode() in wp-includes\/media.php *\/\n\t\t<\/style>\n\t\t<div id='gallery-3' class='gallery galleryid-3854 gallery-columns-2 gallery-size-medium_large'><dl class='gallery-item'>\n\t\t\t<dt class='gallery-icon landscape'>\n\t\t\t\t<a href='http:\/\/www.zupa-leopold-mandic.hr\/wp-content\/uploads\/2016\/02\/P4010040.jpg'><img loading=\"lazy\" decoding=\"async\" width=\"700\" height=\"525\" src=\"http:\/\/www.zupa-leopold-mandic.hr\/wp-content\/uploads\/2016\/02\/P4010040-768x576.jpg\" class=\"attachment-medium_large size-medium_large\" alt=\"\" srcset=\"http:\/\/www.zupa-leopold-mandic.hr\/wp-content\/uploads\/2016\/02\/P4010040-768x576.jpg 768w, http:\/\/www.zupa-leopold-mandic.hr\/wp-content\/uploads\/2016\/02\/P4010040.jpg 1600w\" sizes=\"auto, (max-width: 700px) 100vw, 700px\" \/><\/a>\n\t\t\t<\/dt><\/dl>\n\t\t\t<br style='clear: both' \/>\n\t\t<\/div>\n\n<h3><em>Danas<\/em><\/h3>\n<p>\u017dupni zbor danas broji oko 20-ak \u010dlanova, probe se odr\u017eavaju srijedom u ve\u010dernjim satima u novim prostorijama \u017eupe. Orgulje svira g\u0111ica Ana Glasnovi\u0107.<br \/>\nSve ove godine entuzijazam,profesionalizam te iznimna \u017eelja i trud maestra Ante Dropulji\u0107a u suradnji sa svim dosada\u0161njim \u017eupnicima dovele su do toga da \u017eupni zbor Sv. Leopolda Bogdana Mandi\u0107a djeluje ve\u0107 punih 35 god. Zahvaljujemo se svim prijateljima zbora te pozivamo ujedno i nove \u010dlanove da nam se pridru\u017ee u glazbenim radostima i zajedni\u010dkim dru\u017eenjima.<br \/>\nUjedno se rado i sa ponosom sje\u0107amo svih na\u0161ih preminulih prijatelja i \u010dlanova na\u0161eg zbora.<\/p>\n\n\t\t<style type=\"text\/css\">\n\t\t\t#gallery-4 {\n\t\t\t\tmargin: auto;\n\t\t\t}\n\t\t\t#gallery-4 .gallery-item {\n\t\t\t\tfloat: left;\n\t\t\t\tmargin-top: 10px;\n\t\t\t\ttext-align: center;\n\t\t\t\twidth: 50%;\n\t\t\t}\n\t\t\t#gallery-4 img {\n\t\t\t\tborder: 2px solid #cfcfcf;\n\t\t\t}\n\t\t\t#gallery-4 .gallery-caption {\n\t\t\t\tmargin-left: 0;\n\t\t\t}\n\t\t\t\/* see gallery_shortcode() in wp-includes\/media.php *\/\n\t\t<\/style>\n\t\t<div id='gallery-4' class='gallery galleryid-3854 gallery-columns-2 gallery-size-medium'><dl class='gallery-item'>\n\t\t\t<dt class='gallery-icon portrait'>\n\t\t\t\t<a href='http:\/\/www.zupa-leopold-mandic.hr\/wp-content\/uploads\/2016\/02\/20160413_191002.jpg'><img loading=\"lazy\" decoding=\"async\" width=\"300\" height=\"300\" src=\"http:\/\/www.zupa-leopold-mandic.hr\/wp-content\/uploads\/2016\/02\/20160413_191002-300x300.jpg\" class=\"attachment-medium size-medium\" alt=\"\" srcset=\"http:\/\/www.zupa-leopold-mandic.hr\/wp-content\/uploads\/2016\/02\/20160413_191002-300x300.jpg 300w, http:\/\/www.zupa-leopold-mandic.hr\/wp-content\/uploads\/2016\/02\/20160413_191002-150x150.jpg 150w, http:\/\/www.zupa-leopold-mandic.hr\/wp-content\/uploads\/2016\/02\/20160413_191002-1024x1024.jpg 1024w\" sizes=\"auto, (max-width: 300px) 100vw, 300px\" \/><\/a>\n\t\t\t<\/dt><\/dl><dl class='gallery-item'>\n\t\t\t<dt class='gallery-icon landscape'>\n\t\t\t\t<a href='http:\/\/www.zupa-leopold-mandic.hr\/wp-content\/uploads\/2016\/02\/20160413_191223.jpg'><img loading=\"lazy\" decoding=\"async\" width=\"300\" height=\"300\" src=\"http:\/\/www.zupa-leopold-mandic.hr\/wp-content\/uploads\/2016\/02\/20160413_191223-300x300.jpg\" class=\"attachment-medium size-medium\" alt=\"\" srcset=\"http:\/\/www.zupa-leopold-mandic.hr\/wp-content\/uploads\/2016\/02\/20160413_191223-300x300.jpg 300w, http:\/\/www.zupa-leopold-mandic.hr\/wp-content\/uploads\/2016\/02\/20160413_191223-150x150.jpg 150w, http:\/\/www.zupa-leopold-mandic.hr\/wp-content\/uploads\/2016\/02\/20160413_191223-1024x1024.jpg 1024w\" sizes=\"auto, (max-width: 300px) 100vw, 300px\" \/><\/a>\n\t\t\t<\/dt><\/dl><br style=\"clear: both\" \/><dl class='gallery-item'>\n\t\t\t<dt class='gallery-icon landscape'>\n\t\t\t\t<a href='http:\/\/www.zupa-leopold-mandic.hr\/wp-content\/uploads\/2016\/02\/20160413_191232.jpg'><img loading=\"lazy\" decoding=\"async\" width=\"300\" height=\"300\" src=\"http:\/\/www.zupa-leopold-mandic.hr\/wp-content\/uploads\/2016\/02\/20160413_191232-300x300.jpg\" class=\"attachment-medium size-medium\" alt=\"\" srcset=\"http:\/\/www.zupa-leopold-mandic.hr\/wp-content\/uploads\/2016\/02\/20160413_191232-300x300.jpg 300w, http:\/\/www.zupa-leopold-mandic.hr\/wp-content\/uploads\/2016\/02\/20160413_191232-150x150.jpg 150w, http:\/\/www.zupa-leopold-mandic.hr\/wp-content\/uploads\/2016\/02\/20160413_191232-1024x1024.jpg 1024w\" sizes=\"auto, (max-width: 300px) 100vw, 300px\" \/><\/a>\n\t\t\t<\/dt><\/dl><dl class='gallery-item'>\n\t\t\t<dt class='gallery-icon landscape'>\n\t\t\t\t<a href='http:\/\/www.zupa-leopold-mandic.hr\/wp-content\/uploads\/2016\/02\/20160413_191310.jpg'><img loading=\"lazy\" decoding=\"async\" width=\"300\" height=\"300\" src=\"http:\/\/www.zupa-leopold-mandic.hr\/wp-content\/uploads\/2016\/02\/20160413_191310-300x300.jpg\" class=\"attachment-medium size-medium\" alt=\"\" srcset=\"http:\/\/www.zupa-leopold-mandic.hr\/wp-content\/uploads\/2016\/02\/20160413_191310-300x300.jpg 300w, http:\/\/www.zupa-leopold-mandic.hr\/wp-content\/uploads\/2016\/02\/20160413_191310-150x150.jpg 150w, http:\/\/www.zupa-leopold-mandic.hr\/wp-content\/uploads\/2016\/02\/20160413_191310-1024x1024.jpg 1024w\" sizes=\"auto, (max-width: 300px) 100vw, 300px\" \/><\/a>\n\t\t\t<\/dt><\/dl><br style=\"clear: both\" \/><dl class='gallery-item'>\n\t\t\t<dt class='gallery-icon landscape'>\n\t\t\t\t<a href='http:\/\/www.zupa-leopold-mandic.hr\/wp-content\/uploads\/2016\/02\/20160413_194222.jpg'><img loading=\"lazy\" decoding=\"async\" width=\"300\" height=\"300\" src=\"http:\/\/www.zupa-leopold-mandic.hr\/wp-content\/uploads\/2016\/02\/20160413_194222-300x300.jpg\" class=\"attachment-medium size-medium\" alt=\"\" srcset=\"http:\/\/www.zupa-leopold-mandic.hr\/wp-content\/uploads\/2016\/02\/20160413_194222-300x300.jpg 300w, http:\/\/www.zupa-leopold-mandic.hr\/wp-content\/uploads\/2016\/02\/20160413_194222-150x150.jpg 150w, http:\/\/www.zupa-leopold-mandic.hr\/wp-content\/uploads\/2016\/02\/20160413_194222-1024x1024.jpg 1024w\" sizes=\"auto, (max-width: 300px) 100vw, 300px\" \/><\/a>\n\t\t\t<\/dt><\/dl><dl class='gallery-item'>\n\t\t\t<dt class='gallery-icon landscape'>\n\t\t\t\t<a href='http:\/\/www.zupa-leopold-mandic.hr\/wp-content\/uploads\/2016\/02\/20160413_194243.jpg'><img loading=\"lazy\" decoding=\"async\" width=\"300\" height=\"300\" src=\"http:\/\/www.zupa-leopold-mandic.hr\/wp-content\/uploads\/2016\/02\/20160413_194243-300x300.jpg\" class=\"attachment-medium size-medium\" alt=\"\" srcset=\"http:\/\/www.zupa-leopold-mandic.hr\/wp-content\/uploads\/2016\/02\/20160413_194243-300x300.jpg 300w, http:\/\/www.zupa-leopold-mandic.hr\/wp-content\/uploads\/2016\/02\/20160413_194243-150x150.jpg 150w, http:\/\/www.zupa-leopold-mandic.hr\/wp-content\/uploads\/2016\/02\/20160413_194243-1024x1024.jpg 1024w\" sizes=\"auto, (max-width: 300px) 100vw, 300px\" \/><\/a>\n\t\t\t<\/dt><\/dl><br style=\"clear: both\" \/>\n\t\t<\/div>\n\n<p><a href=\"http:\/\/www.zupa-leopold-mandic.hr\/?cat=111\">Posljednje vijesti<\/a><\/p>\n","protected":false},"excerpt":{"rendered":"<p>Mje\u0161oviti zbor \u017eupe sv. Leopolda Mandi\u0107a Kada smo po\u010deli? Davnih 80-ih godina, to\u010dnije 1981. godine u ku\u0107i koja je bila preure\u0111ena u malenu crkvu, u Suboti\u010dkoj ulici zapo\u010dinje djelovanje \u017eupnog zbora Sv Leopolda Bogdana Mandi\u0107a. Nije pro\u0161la niti jedna nedjeljna sveta misa, niti jedan va\u017eniji \u017eupni blagdan, pri\u010dest ili krizma, a da na\u0161 \u017eupni zbor &#8230; <span class=\"more\"><a class=\"more-link\" href=\"http:\/\/www.zupa-leopold-mandic.hr\/?page_id=3854\">Vi\u0161e&#8230;<\/a><\/span><\/p>\n","protected":false},"author":1,"featured_media":0,"parent":3870,"menu_order":0,"comment_status":"closed","ping_status":"closed","template":"","meta":{"footnotes":""},"class_list":["entry","page","publish","author-admin","post-3854"],"_links":{"self":[{"href":"http:\/\/www.zupa-leopold-mandic.hr\/index.php?rest_route=\/wp\/v2\/pages\/3854","targetHints":{"allow":["GET"]}}],"collection":[{"href":"http:\/\/www.zupa-leopold-mandic.hr\/index.php?rest_route=\/wp\/v2\/pages"}],"about":[{"href":"http:\/\/www.zupa-leopold-mandic.hr\/index.php?rest_route=\/wp\/v2\/types\/page"}],"author":[{"embeddable":true,"href":"http:\/\/www.zupa-leopold-mandic.hr\/index.php?rest_route=\/wp\/v2\/users\/1"}],"replies":[{"embeddable":true,"href":"http:\/\/www.zupa-leopold-mandic.hr\/index.php?rest_route=%2Fwp%2Fv2%2Fcomments&post=3854"}],"version-history":[{"count":16,"href":"http:\/\/www.zupa-leopold-mandic.hr\/index.php?rest_route=\/wp\/v2\/pages\/3854\/revisions"}],"predecessor-version":[{"id":4127,"href":"http:\/\/www.zupa-leopold-mandic.hr\/index.php?rest_route=\/wp\/v2\/pages\/3854\/revisions\/4127"}],"up":[{"embeddable":true,"href":"http:\/\/www.zupa-leopold-mandic.hr\/index.php?rest_route=\/wp\/v2\/pages\/3870"}],"wp:attachment":[{"href":"http:\/\/www.zupa-leopold-mandic.hr\/index.php?rest_route=%2Fwp%2Fv2%2Fmedia&parent=3854"}],"curies":[{"name":"wp","href":"https:\/\/api.w.org\/{rel}","templated":true}]}}