{"id":3844,"date":"2016-02-29T22:05:09","date_gmt":"2016-02-29T21:05:09","guid":{"rendered":"http:\/\/www.zupa-leopold-mandic.hr\/?page_id=3844"},"modified":"2016-02-29T23:53:46","modified_gmt":"2016-02-29T22:53:46","slug":"djecji-zbor","status":"publish","type":"page","link":"https:\/\/www.zupa-leopold-mandic.hr\/?page_id=3844","title":{"rendered":"Aktivnosti &#8211; Zborovi &#8211; Dje\u010dji zbor"},"content":{"rendered":"<h1>Dje\u010dji zbor &#8211; Santo<\/h1>\n<p>&#8230;uskoro&#8230;<\/p>\n<p>Dje\u010dji zbor \u017eupe Leopolda Mandi\u0107a.<\/p>\n<p><a href=\"http:\/\/www.zupa-leopold-mandic.hr\/wp-content\/uploads\/2016\/02\/djecjiZbor.jpg\" rel=\"attachment wp-att-3846\"><img loading=\"lazy\" decoding=\"async\" class=\"alignnone  wp-image-3846\" src=\"http:\/\/www.zupa-leopold-mandic.hr\/wp-content\/uploads\/2016\/02\/djecjiZbor.jpg\" alt=\"djecjiZbor\" width=\"796\" height=\"448\" srcset=\"https:\/\/www.zupa-leopold-mandic.hr\/wp-content\/uploads\/2016\/02\/djecjiZbor.jpg 5312w, https:\/\/www.zupa-leopold-mandic.hr\/wp-content\/uploads\/2016\/02\/djecjiZbor-768x432.jpg 768w\" sizes=\"auto, (max-width: 796px) 100vw, 796px\" \/><\/a><\/p>\n<p><a href=\"http:\/\/www.zupa-leopold-mandic.hr\/?cat=109\">Posljednje vijesti<\/a><\/p>\n","protected":false},"excerpt":{"rendered":"<p>Dje\u010dji zbor &#8211; Santo &#8230;uskoro&#8230; Dje\u010dji zbor \u017eupe Leopolda Mandi\u0107a. Posljednje vijesti<\/p>\n","protected":false},"author":1,"featured_media":0,"parent":3870,"menu_order":0,"comment_status":"closed","ping_status":"closed","template":"","meta":{"footnotes":""},"class_list":["entry","page","publish","author-admin","post-3844"],"_links":{"self":[{"href":"https:\/\/www.zupa-leopold-mandic.hr\/index.php?rest_route=\/wp\/v2\/pages\/3844","targetHints":{"allow":["GET"]}}],"collection":[{"href":"https:\/\/www.zupa-leopold-mandic.hr\/index.php?rest_route=\/wp\/v2\/pages"}],"about":[{"href":"https:\/\/www.zupa-leopold-mandic.hr\/index.php?rest_route=\/wp\/v2\/types\/page"}],"author":[{"embeddable":true,"href":"https:\/\/www.zupa-leopold-mandic.hr\/index.php?rest_route=\/wp\/v2\/users\/1"}],"replies":[{"embeddable":true,"href":"https:\/\/www.zupa-leopold-mandic.hr\/index.php?rest_route=%2Fwp%2Fv2%2Fcomments&post=3844"}],"version-history":[{"count":3,"href":"https:\/\/www.zupa-leopold-mandic.hr\/index.php?rest_route=\/wp\/v2\/pages\/3844\/revisions"}],"predecessor-version":[{"id":3861,"href":"https:\/\/www.zupa-leopold-mandic.hr\/index.php?rest_route=\/wp\/v2\/pages\/3844\/revisions\/3861"}],"up":[{"embeddable":true,"href":"https:\/\/www.zupa-leopold-mandic.hr\/index.php?rest_route=\/wp\/v2\/pages\/3870"}],"wp:attachment":[{"href":"https:\/\/www.zupa-leopold-mandic.hr\/index.php?rest_route=%2Fwp%2Fv2%2Fmedia&parent=3844"}],"curies":[{"name":"wp","href":"https:\/\/api.w.org\/{rel}","templated":true}]}}